tors of s.
2
Let s = 7 + -4. Suppose -4*u = -s*u. Let j = 3 - u. List the prime factors of j.
3
Suppose -2*y - 2*c = -208, -y = -4*y - c + 308. List the prime factors of y.
2, 3, 17
Let r be (-2 + (-5)/(-2))*-14. Suppose i + 1 = -1. List the prime factors of 75/7 + i/r.
11
Let l(h) = h**2 - 4*h + 2. List the prime factors of l(9).
47
Let l(n) = n**2 + 6*n - 4. Let k be l(-6). Let s be (-137)/(-9) - k/(-18). Suppose -62 = -5*p - b + s, 2*b - 19 = -p. List the prime factors of p.
3, 5
Let p = -105 - -54. Let f be (-4 - -6) + (-1 - p). Suppose -5*u + f = -u. What are the prime factors of u?
13
Let q = 66 + -46. What are the prime factors of q?
2, 5
Suppose -5*a - 40 = -n, 6*n - 10*n + 96 = -4*a. Let u = n + 8. List the prime factors of u.
2, 7
Let m be (-634)/18 + 26/117. List the prime factors of (-14)/m + (-326)/(-10).
3, 11
Let i(y) = -y + 1. Let o(j) = -4*j - 27. Let f(s) = -s - 7. Let g(z) = 9*f(z) - 2*o(z). Let p be g(-7). What are the prime factors of i(p)?
3
Let d be 46 - (-1 - (2 + -1)). Let w = d + -26. List the prime factors of w.
2, 11
Suppose 2*x - a - 331 = 0, -2*x + 346 = -0*x + 4*a. Suppose -3*o + 26 = 2*h - 82, 4*o - 5*h - x = 0. List the prime factors of o.
2, 19
List the prime factors of 108/(-6)*(-5)/3.
2, 3, 5
Let q = 10 - 6. Suppose -q*k + 46 = -10. What are the prime factors of k?
2, 7
Suppose -18 = -3*i + 5*k + 22, -3*i + 3*k = -42. Let f = 6 + i. List the prime factors of f.
3, 7
Suppose 3*g + 0*g = 72. Let b be 1*2 - (14 + 3). Let k = g + b. List the prime factors of k.
3
Let c be 4/6 - (-18)/(-27). Suppose c = -2*s + 5*s - 63. What are the prime factors of s?
3, 7
Suppose 2*f - 34 = 80. List the prime factors of f.
3, 19
Let h(a) = 8*a**2 + a. Let r be h(1). Let j be (1 - (-15)/r)*6. Suppose -3*o + 7*o = j. List the prime factors of o.
2
Let a = -3 - -3. Suppose a = 3*y - y - 4. Suppose 4*j - 4 = -c + 41, -c + 21 = y*j. List the prime factors of j.
2, 3
Suppose -168 = -5*q + 2*q. What are the prime factors of q?
2, 7
Let u = 5 - -13. Let y = u + -12. Suppose -z = -2 - y. What are the prime factors of z?
2
Let i(a) = 15*a - 1. List the prime factors of i(3).
2, 11
Let c(m) be the third derivative of -m**4/24 + 5*m**3/6 + m**2. Suppose -k + 6 = 2*x - 1, -2*x = 3*k - 13. List the prime factors of c(k).
2
Suppose 2*j - 3*g = 147, -4*j + 260 + 4 = 4*g. List the prime factors of j.
3, 23
Suppose -8 = -2*y - 4*a, -5*a + 0 = y - 1. List the prime factors of y.
2, 3
Let x(d) = -d**3 + 9*d**2 - 5*d + 4. Suppose 4*l = -5*h + 47, l = 3*l - 5*h - 1. What are the prime factors of x(l)?
2, 7
Suppose 2*i + 202 = 5*h, -2*i + 5*i - 54 = -h. Let g(u) = u - 2. Let n be g(2). Suppose 0 = -3*w + 5*q + h, 5*w + q + 4*q - 70 = n. List the prime factors of w.
2, 7
Let i(g) = -6*g - 4. Let b be i(-5). Let s(n) = -n**3 + 7*n**2 + 6*n + 2. Let u be s(8). Let a = b + u. List the prime factors of a.
2, 3
Let a(y) = y + 7. Let q be a(0). Let t = -3 + q. Suppose -3*d + 0*d - t = -w, 3*d - 6 = 0. What are the prime factors of w?
2, 5
Let x = 106 - 67. List the prime factors of x.
3, 13
What are the prime factors of (3 + 18)*((-16)/4)/(-12)?
7
Let m = -180 - -276. Let h = m + -55. List the prime factors of h.
41
Let x(f) = -f**3 + 6*f**2 + f - 3. Let h be x(6). Suppose h - 31 = -4*d. What are the prime factors of (d + -6)/(1/10)?
2, 5
Let v(w) = 2 - 4*w + 3*w + 0 + 2*w**2 - 5. Let a be (-33)/(-12) + (-1)/(-4). What are the prime factors of v(a)?
2, 3
Suppose -7*n + 29 = -76. List the prime factors of n.
3, 5
Let o(t) = -12*t - 7. Suppose -3*n = -3*g + 1 - 7, -n = 5*g + 16. List the prime factors of o(g).
29
Let b = -82 + 141. What are the prime factors of b?
59
Suppose m + 2*g = 53, 4*m - 272 = 11*g - 7*g. List the prime factors of m.
3, 7
Let z be (-21)/(1 - 4) + 0. Suppose 5*i - 15 = -5*r, z + 2 = 5*r - i. Suppose -r*m - y = 4*y, -3*y = 2*m - 8. What are the prime factors of m?
2, 5
Let t be (-1 - 14)/((-21)/70). Let c = t - 28. List the prime factors of c.
2, 11
List the prime factors of 989/7 - (-6)/(-21).
3, 47
Let t(n) = -n**2 - 9*n - 2. Let a(c) = -8*c**2 - c + 1. Let x be a(1). Let v be t(x). List the prime factors of 68/v - (-2)/(-6).
11
Suppose -20 = 4*z - 436. What are the prime factors of 1*(z/4 - -3)?
29
Let q be (-164)/14 - 4/14. Let x(i) = -i**2 - 16*i - 10. List the prime factors of x(q).
2, 19
List the prime factors of (-10 + 9)/((-1)/59).
59
Suppose -32 = 4*t + 4*q, 2*t = 5*t + 4*q + 29. Let o(y) = y**2 - 3*y + 1. Let a be o(2). Let v = a - t. What are the prime factors of v?
2
Suppose -5*n + 3*v = -60, 3*n + 3*v + 5 = 41. List the prime factors of n.
2, 3
List the prime factors of (-246 - 14)*2/(-2).
2, 5, 13
Let q be (1 + -1)*(-1)/1. Suppose -5*n = 15, -5*a = -q*a - 3*n - 29. List the prime factors of -6*1/(-3)*a.
2
List the prime factors of 6/9*1*18.
2, 3
Suppose 5*w - 4*z = -7, -3*w + 5*z - 3 + 4 = 0. What are the prime factors of 5 - (-3)/(w - -6)?
2, 3
Let j = 10 - 7. Let u = j + 9. Suppose y - u + 3 = 0. List the prime factors of y.
3
Suppose 5*c + 5 = -5. Let h be 0 + ((-12)/c)/2. Suppose -2*x + 45 = -h*n, -2*n = -5*x - 3*n + 87. List the prime factors of x.
2, 3
Suppose 5*a = -45 + 225. What are the prime factors of a?
2, 3
Let s(h) = -h - 3. Let z be s(-3). Suppose 0 = 3*q - z*q - 54. List the prime factors of q.
2, 3
Suppose 4*s = -4*w + 28, 3*s - 2*w - w = -9. What are the prime factors of 2*(s + -1)*5?
2, 5
Let y(k) = 2*k**2 + 8*k + 7. Suppose 3*c + 2*x + 18 = 0, 6*x = -c + 2*x - 6. List the prime factors of y(c).
31
Suppose g - 6 = 3*w - 19, -w = -4*g + 3. Let h be (-10)/(-15) - (-26)/6. Suppose -g*i = -h*i + 15. List the prime factors of i.
5
Suppose 4*l - 2*l = 6. Let o be (-1 - 0)*(1 + -1). Let k = l - o. List the prime factors of k.
3
Suppose -21*x = -27*x + 636. What are the prime factors of x?
2, 53
Suppose -4*k + 12 + 0 = 0. Let m = 22 + k. List the prime factors of m.
5
List the prime factors of (68/(-8))/(1/(-2)) - -3.
2, 5
Let f = 4 - 4. Let v(p) = p**2 + 10. Let a be v(f). Suppose -5*l = 5*n - 80, 0 = -5*l + 2*n + 56 + a. List the prime factors of l.
2, 7
Suppose 4*o + 5*h - 877 = 0, h - 220 = 2*o - 3*o. What are the prime factors of o?
223
Let b(n) = -47*n - 3. Let m be b(-2). Suppose -2*y = -4*v + 98, 0 = -3*v + 3*y + m - 25. Let a = 48 - v. List the prime factors of a.
3, 7
Suppose 0 = 4*s + s + z - 18, -4*s = z - 14. Let n = s - -11. List the prime factors of n.
3, 5
Suppose 0*n = -n + 4. Suppose 0 = -5*x + n*x - 4. Let l = x + 7. What are the prime factors of l?
3
Let m be (2*1/(-2))/1. Let n be -2 + m + 6/1. Suppose 48 = n*j + 4*d, j + 16 = 2*j - 5*d. List the prime factors of j.
2
Suppose -3*a + 484 = 4*z - 38, 3*z = 3*a + 402. List the prime factors of z.
2, 3, 11
What are the prime factors of 66*(14/(-6) + 3)?
2, 11
Let p = 6 + -3. Let v(y) = 13*y**2 - 22*y + 16. Let z(w) = 4*w**2 - 7*w + 5. Let d(n) = -2*v(n) + 7*z(n). What are the prime factors of d(p)?
2, 3
Suppose -8 = -4*i + 16. What are the prime factors of i?
2, 3
Suppose -4*x = -b - 60, -3*b = 2*x + 2*x - 76. Suppose -3*k + 0 = 12. What are the prime factors of (-37)/k - 4/x?
3
Suppose 2*o - 31 = -5*l, -4*l - 3*o - 6 = -7*l. Suppose 108 + 27 = l*y. List the prime factors of y.
3
Suppose -j + 9 = 2*j. Suppose 0 = 5*i - j*l + 10 - 85, 4*i = -5*l + 97. What are the prime factors of i?
2, 3
Let r = 3 + -3. Suppose -w - 2*b = r, 4*w - b - b = 20. Suppose 5*s + 39 = l + 8, -w*s = 16. What are the prime factors of l?
11
Suppose 0 = 3*v - 2*v - 51. What are the prime factors of v/7 - 14/49?
7
Let p = 0 - 0. Let i(l) = l**3 + l**2 - l + 2. List the prime factors of i(p).
2
Suppose -52 - 238 = -5*b. List the prime factors of b.
2, 29
Let a = -43 - -214. Suppose 5*k = -w - 2 + 42, -2*k - a = -3*w. List the prime factors of w.
5, 11
Suppose 2*x = -3*b + 1, -2*b + 4*x + 22 = -0*x. List the prime factors of b/2*(-15 - -41).
3, 13
Let s be 0*(-2)/(8/2). Suppose -3*c = -3*l + 27, s = 6*l - l + c - 57. What are the prime factors of l?
11
Suppose 2*r + 2*r = -3*h + 129, 2*h = 4*r - 154. What are the prime factors of r?
2, 3
Suppose 0 = f - 2 + 1. Suppose -4 - f = -i. Suppose 3*w = i + 4. List the prime factors of w.
3
Suppose 0 = 4*p - 20 - 16. What are the prime factors of p?
3
Let v = 82 - -44. What are the prime factors of v?
2, 3, 7
Suppose 0 = -h - 55 